cond derivative of -n**4/12 - 2*n**3/3 - 2*n**2 + 116*n. Let b(i) = 17*a(i) + 6*o(i). What is b(-5)?
9
Suppose 0 = -4*a, 0*z + 2*z - 16 = -2*a. Suppose -357 = 198*b - 205*b. Let m(x) = 3 + 1 + 50*x - b*x + 2. What is m(z)?
-2
Suppose n - 30*q = -26*q + 2, -4*q = 0. Let y(i) = 4*i**3 - 5*i**3 - 15*i**2 + 11*i + 22*i**n - 10. Determine y(8).
14
Suppose 26*d + 240 = -54*d. Let j(p) = -2*p - 7. What is j(d)?
-1
Let b(v) = 2*v**2 - 2*v - 2. Suppose 0 = z + 4 - 14. Let h(l) = 9*l - 41. Let a be h(5). Let g be ((-35)/z - -3)*a. What is b(g)?
10
Let g(v) be the first derivative of -v**2/2 + 7*v + 953. Give g(5).
2
Let d(p) be the first derivative of -2*p**2 + 57 + 7*p + 33 + 84. Determine d(4).
-9
Suppose 2*o = -5*j + 182, 0 = -j + 3*j - 2*o - 84. Suppose 6*x - 8*x + j = 0. Let v(d) = x + 13 - 30 - d. What is v(-2)?
4
Let h be (-2128)/(-70)*10/(-4). Let q = h + 76. Let l(i) = i**2 - i + 12. Determine l(q).
12
Let i(w) = -w**3 - 3*w**2 + 3*w + 4. Let b = 44 + -39. Suppose -5*f - 20 = 2*d, -2*d - b = 4*f + 11. What is i(f)?
8
Let s be (-68)/(-10) + 1/5. Let r(a) = 92*a**2 + 4*a + a**3 + 121*a**2 + 9 + 102*a**2 - 323*a**2. Give r(s).
-12
Let u = -203 - -212. Suppose 4 = u*v - 23. Let r(k) = -k - 7. Give r(v).
-10
Let x(k) be the first derivative of -k**4/4 - 7*k**3 + 23*k**2/2 + 33*k - 964. Give x(-22).
11
Let a(k) = 56 - 25*k**2 + 24*k**2 - 86*k - 45 + 53*k. Give a(-33).
11
Let x(z) be the first derivative of 11/4*z**4 + z**2 - 1/3*z**3 + 119 - z. Determine x(1).
11
Let d(w) = 342 - 19*w - 647 - 9*w**2 - 4*w**3 + 303 + 3*w**3. Determine d(-5).
-7
Let c(x) = -3*x**2 + 31 - x**3 + 11*x**2 - 6*x**2 - 2*x - 9*x**2. Give c(-6).
7
Let w be (3 - 0) + 304*-3. Let k be w/(-36) - 2/8. Let h(x) = x**2 + 3 + k*x + 0 - 21*x. What is h(-4)?
3
Let c(o) = -o**3 - 19*o**2 + 39*o - 59. Suppose 2823 - 1647 = -56*w. What is c(w)?
4
Let a(h) = -2*h**2 - 16*h - 47. Let m be (6/21)/(3/(-42)). What is a(m)?
-15
Suppose -3*b + 2 = 4*m, -m = -b - 4*b - 12. Let n(t) = -9*t + 4 + 12*t - 5 - 1 - 2*t + 2*t**3 + m*t**2. Determine n(-2).
-12
Let u(v) = -v**2 - 2. Let r(f) = -12*f - 20. Let t be r(-3). Let k(i) = -2*i**2 + 31*i + 10. Let x be k(t). Let p be 2*1/x - (-14)/42. Give u(p).
-2
Let s(o) = 19*o**3 + o - 1 + 3*o**2 - 2*o**2 - 4*o**3. Let n(b) = -b**3 - 76*b**2 - 75*b + 1. Let d be n(-75). Calculate s(d).
16
Let r(c) = 5*c**2 + 56*c - 41. Let k = 12 + -10. Let l(a) = -14 + 22 - 3*a**2 + 0*a**2 - 11*a + 2*a**k. Let h(y) = -11*l(y) - 2*r(y). Calculate h(-6).
-24
Suppose -l = 3*l + 128. Suppose -2*j + 64 = 2*x, 2*j - 195 = -5*x + 4*j. Let k = x + l. Let b(t) = -t**2 + 6*t + 7. Determine b(k).
12
Let p(i) = 2*i**3 - 12*i**2 + 5*i - 2. Let v be p(6). Let s = -58 + 35. Let g = v + s. Let x(w) = -w**2 + 3*w + 6. Calculate x(g).
-4
Let y(g) be the second derivative of -19*g + 1/6*g**3 - 3/20*g**5 - 1/2*g**2 + 0 + 0*g**4. Let j be 26/(-13) - (-1 + -2). Give y(j).
-3
Suppose -3*t + 0*h + 22 = h, -t = 2*h - 4. Suppose 2*v - 3*o - 8 = 8, o + t = 2*v. Let j(a) = v*a**2 + 2*a - 8*a**2 - 2*a. Determine j(-1).
-6
Let v(t) be the third derivative of -t**5/60 - t**4/6 - 2*t**3/3 + 2*t**2. Suppose -51 = -3*k - 15. Let c be 110/(-33)*k/10. Give v(c).
-4
Let j(c) = 3*c + c**3 - 69663 - 2*c**2 + 34829 + 34826. Determine j(2).
-2
Let o(f) be the third derivative of -f**4/12 - f**3/6 + 40*f**2 - 2*f + 5. Suppose 21 - 1 = 5*r. Give o(r).
-9
Let u(t) = -5*t + 26. Let h(j) = 4*j - 9. Let l(c) = -3*h(c) - 2*u(c). Calculate l(-8).
-9
Let v(p) be the second derivative of p**4/6 + p**3/6 + 153*p**2/2 - 2*p - 8. Let c(n) be the first derivative of v(n). Determine c(-1).
-3
Let t(c) = -c - 3. Let w(r) = -r**2 - 15*r - 44. Let g(l) = 2*t(l) - w(l). Determine g(-9).
2
Let f(w) = w**3 - 4*w**2 - 13*w - 4. Let l be f(6). Let m be (-4)/l*5 - -16. Let p(o) = -21*o + m*o - 5 + 1 + 3. Calculate p(-3).
8
Suppose -5*i - 4 = -24. Let g(w) = -i*w + 8 + 0*w + 5*w. Let q be g(-3). Let k(b) = -b**2 + 5*b - 6. Give k(q).
-6
Let n(q) = -3*q + 14. Let s be (0 + 4)*(-7 - (-28)/16). Let m(i) = 6*i + 132. Let f be m(s). Calculate n(f).
-4
Let v(k) = -4*k + 291. Let b be v(72). Let w(p) be the second derivative of 0 - 1/20*p**5 + 4*p**2 + 1/2*p**b + 24*p + 1/2*p**4. Determine w(6).
26
Let v = -158 - -168. Suppose -44*b = -39*b - v. Let i(j) = -4*j**3 + 2*j**2 - 2*j + 2. Give i(b).
-26
Let f(p) be the third derivative of p + 60*p**2 - 37/60*p**5 - 1/6*p**3 + 1/12*p**4 + 0. Determine f(1).
-36
Let q(b) = -2*b. Let v(u) = -949 - 949 - 11*u + 1873. Let n be v(-2). Give q(n).
6
Let g(u) be the second derivative of -u**3/6 - 5*u**2 - 3*u + 22. Let s be ((-2)/4)/((-2)/(-100)). Let c be (-10)/s + 37/(-5). Give g(c).
-3
Let y be (1 + (-175)/(-14))*(1 + 5/(-9)). Let n(c) = 12*c - 21. Calculate n(y).
51
Let v(y) = -13*y - 9. Let j be ((-16)/(-154) - 16/(-88))*7. Determine v(j).
-35
Let u(p) = p**3 + 4*p**2 - 8*p - 2. Let h(c) = c**3 - 11*c**2 + 16*c + 12. Suppose 7*q = -11*q + 162. Let r be h(q). Determine u(r).
-26
Let l(t) be the third derivative of -t**5/10 + t**4/8 + 2*t**3/3 + 47*t**2. Let u be l(-1). Let y(a) = a**2 + 5*a. Give y(u).
0
Let f(d) = 8 - 203*d + 84*d + 126*d. What is f(8)?
64
Let t(v) = -11537*v - 1 + 23060*v - 11533*v. What is t(-4)?
39
Let a(n) be the third derivative of -n**5/60 + 41*n**4/24 - 15*n**3/2 + 7475*n**2. Give a(40).
-5
Let h(n) = -28*n**2 - 11*n - 4. Let m(g) = -g**2 - 4*g - 1. Let x(r) = -h(r) + 2*m(r). Determine x(-2).
100
Let u(f) = 1061 + 5*f**2 - f**3 + 7*f**2 + 13*f + 1071 + 1062 - 3194. Let d = 7 - -6. What is u(d)?
0
Let q(i) = i**2 - 6*i. Let a(n) = 2*n**2 - 14*n + 26. Let z be a(4). Suppose 0 = z*t + 3*u, -5*t + 2*u = -0*u - 38. Determine q(t).
0
Let d(v) = v**2 + 10*v - 1. Suppose 5*h + 0*c - c - 192 = 0, -4*c = 2*h - 90. Suppose h*q - 33 = 42*q. Give d(q).
10
Let p be -18 + 5 + 48/3. Let n(h) = -2*h**3 + h**2 + 2*h + 1. Give n(p).
-38
Let s = 11 - 5. Suppose -5*i - 2*t + 36 = 0, 5*i + 27 - 54 = t. Let x(m) = i*m - m + 2*m - s*m + 2. What is x(0)?
2
Suppose -2*j - 39 + 43 = 0. Let f(v) = -3 - 2*v - 16*v**j + 15*v**2 + 2. Determine f(-1).
0
Let z(a) = a**2 + 4*a - 12. Suppose 138*v - 147*v = 81. Determine z(v).
33
Let z(g) = g. Suppose 5*s - 71 = 9*j - 8*j, -2*s - 2*j = -26. Suppose -s - 16 = -5*d. Suppose 3*v + 4 = 2*a + 2, a = 4*v + d. Determine z(v).
-2
Let f(p) = -2*p + 4. Suppose 0*i = -6*i + 138. Suppose -3*j - 9 = -3*x, 5*x + j = 2*j + i. Let o be (x - 27/6)*8. Determine f(o).
-4
Let d(g) = g**3 - 11*g**2 + 2*g - 22. Let k be d(11). Let j(y) = k*y**3 - 2 + 3*y**2 + 28*y**3 - 29*y**3 + 3*y + 1. Calculate j(4).
-5
Let v = -61530 - -61534. Let n(f) = 1. Let c(d) = 2*d + 3. Let b(u) = -c(u) + n(u). Calculate b(v).
-10
Suppose 153 = 10*y + 76 + 77. Let x(g) = 3*g - 19. What is x(y)?
-19
Let j(h) be the first derivative of -h**3/3 - 5*h**2/2 + 11*h + 292. Determine j(-6).
5
Let m(f) = -21*f - 38. Let v be 312/(-273)*21/12. Give m(v).
4
Let h(j) = 3 + 3*j**2 - j - 4*j + j - 6*j + 20*j. What is h(-5)?
28
Let c(v) = -v**2 + 23*v - 59. Let j be c(20). Let w(g) = 7*g - j - 5*g + 3*g**3 - 20*g**3. Calculate w(1).
-16
Let b = 134 - 75. Suppose 0 = -4*n + 47 - b. Let z(i) = -4*i + i**2 + 0*i - 2*i**2 + 2. Give z(n).
5
Suppose 2 = o - 5*w - 1, -3*o + 9 = 5*w. Let u(g) = 8*g + 2 - 3 + 13*g**2 - o*g - 12*g**2. Give u(-3).
-7
Let v(q) = -20*q**2 + 3*q + 5. Let r(b) = 49*b**2 - 6*b - 10. Let h(i) = -3*r(i) - 7*v(i). What is h(-2)?
-27
Let d(c) = -7*c - 53. Let x be d(-8). Let i(p) = -2*p + 15 - 21 + x. Let a be 3/9 + 7/(-3). Calculate i(a).
1
Let x(t) = t**3 - 6*t**2 + 13*t - 8. Let u(m) = -m**3 - 117*m**2 + 487*m + 365. Let d be u(-121). Calculate x(d).
2
Let i(y) = 25*y + 0*y - 15*y + 8*y - 20*y**2 + 3 + y**3. Calculate i(19).
-16
Let v = 25 - 21. Suppose 3*p - 4 = -4*c, -2*p - v*c = -0*c - 8. Let b be (-7)/((-3)/(1 + p)). Let z(s) = -s**2 - 5*s + 5. What is z(b)?
-9
Suppose 0 = 5*q - 2*u - 13, 3*q - 143 = 6*u - 140. Let p(k) be the third derivative of -k**4/8 + k**3/3 + k**2. Calculate p(q).
-7
Let a be (4 - 28/8)*0. Suppose -q - 16 + 18 = a. Let z be q + 2*15/(-6). Let y(p) = -3*p + 4. Calculate y(z).
13
Let x(j) be the first derivative of -j**6/180 + 7*j**5/120 + j**4/3 - 64*j**3 + 255. Let c(b) be the third derivative of x(b). Determine c(6).
-22
Let a(m) = m**3 + 4*m**2 - 2*m - 5. Let q be a(-4). Le